re the prime factors of 5670335?
5, 11, 131, 787
What are the prime factors of 7375396?
2, 7, 29, 31, 293
List the prime factors of 11969777.
11969777
List the prime factors of 4218625.
5, 33749
List the prime factors of 324062.
2, 311, 521
List the prime factors of 20798673.
3, 7, 19, 52127
What are the prime factors of 30401543?
30401543
List the prime factors of 5174666.
2, 7, 109, 3391
What are the prime factors of 1504952?
2, 19, 9901
What are the prime factors of 114399?
3, 19, 223
What are the prime factors of 233388?
2, 3, 2161
What are the prime factors of 207221?
7, 4229
List the prime factors of 2153910.
2, 3, 5, 11, 61, 107
List the prime factors of 105871.
105871
List the prime factors of 4639986.
2, 3, 13, 79, 251
What are the prime factors of 1954408?
2, 244301
What are the prime factors of 19621727?
3121, 6287
List the prime factors of 465428.
2, 23, 5059
What are the prime factors of 3447745?
5, 7, 98507
List the prime factors of 46505.
5, 71, 131
List the prime factors of 451459.
19, 23761
What are the prime factors of 1323964?
2, 89, 3719
List the prime factors of 6699631.
71, 127, 743
What are the prime factors of 1833722?
2, 11, 17, 4903
What are the prime factors of 10124611?
7, 313, 4621
List the prime factors of 4423936.
2, 11, 1571
List the prime factors of 36172.
2, 9043
What are the prime factors of 5183778?
2, 3, 277, 3119
List the prime factors of 4991824.
2, 101, 3089
List the prime factors of 17687294.
2, 8843647
List the prime factors of 713599.
713599
List the prime factors of 16483937.
193, 223, 383
List the prime factors of 1263473.
1263473
What are the prime factors of 95276?
2, 23819
What are the prime factors of 340732?
2, 7, 43, 283
What are the prime factors of 230730?
2, 3, 5, 7691
What are the prime factors of 494403?
3, 7, 13, 1811
What are the prime factors of 258148?
2, 11, 5867
List the prime factors of 6207279.
3, 13, 159161
List the prime factors of 4552251.
3, 11, 137947
What are the prime factors of 2385870?
2, 3, 5, 67, 1187
List the prime factors of 21881567.
17, 31, 41521
What are the prime factors of 61125?
3, 5, 163
What are the prime factors of 7576499?
7, 23, 47059
What are the prime factors of 2916120?
2, 3, 5, 19, 1279
List the prime factors of 51821.
7, 11, 673
List the prime factors of 2714377.
2714377
List the prime factors of 164165.
5, 32833
List the prime factors of 1919608.
2, 19, 73, 173
List the prime factors of 183209.
13, 17, 829
List the prime factors of 259726.
2, 17, 7639
List the prime factors of 11185.
5, 2237
List the prime factors of 53941.
17, 19, 167
What are the prime factors of 5083720?
2, 5, 73, 1741
What are the prime factors of 13610196?
2, 3, 41, 9221
What are the prime factors of 4034210?
2, 5, 569, 709
List the prime factors of 1680508.
2, 41, 10247
List the prime factors of 317761.
197, 1613
What are the prime factors of 1156906?
2, 578453
List the prime factors of 5933082.
2, 3, 307, 3221
List the prime factors of 354908.
2, 83, 1069
What are the prime factors of 3809081?
3809081
What are the prime factors of 69844?
2, 19, 919
What are the prime factors of 25807597?
89, 289973
List the prime factors of 313990.
2, 5, 17, 1847
List the prime factors of 4548457.
23, 197759
List the prime factors of 5940869.
11, 540079
List the prime factors of 4183624.
2, 61, 8573
What are the prime factors of 487513?
13, 37501
What are the prime factors of 471340?
2, 5, 23567
List the prime factors of 3418786.
2, 7, 244199
List the prime factors of 258292.
2, 31, 2083
What are the prime factors of 3652236?
2, 3, 7, 4831
List the prime factors of 8717467.
11, 277, 2861
What are the prime factors of 18972013?
19, 998527
What are the prime factors of 15430640?
2, 5, 192883
List the prime factors of 13347253.
19, 36973
What are the prime factors of 4896428?
2, 271, 4517
List the prime factors of 4686454.
2, 73, 32099
List the prime factors of 187763.
187763
What are the prime factors of 26595221?
26595221
List the prime factors of 480817.
283, 1699
List the prime factors of 5467060.
2, 5, 19, 14387
List the prime factors of 5528943.
3, 7, 19, 31, 149
What are the prime factors of 4662526?
2, 11, 211933
List the prime factors of 567508.
2, 337, 421
What are the prime factors of 1111173?
3, 7, 7559
List the prime factors of 140981.
17, 8293
What are the prime factors of 837242?
2, 7, 79, 757
List the prime factors of 1934259.
3, 644753
List the prime factors of 327231.
3, 103, 353
What are the prime factors of 661813?
43, 15391
List the prime factors of 316907.
316907
What are the prime factors of 1124359?
29, 137, 283
List the prime factors of 221526.
2, 3, 31, 397
List the prime factors of 490453.
490453
List the prime factors of 2219386.
2, 13, 85361
List the prime factors of 3806890.
2, 5, 617
What are the prime factors of 435920?
2, 5, 5449
What are the prime factors of 16422796?
2, 13, 41, 7703
List the prime factors of 127820.
2, 5, 7, 11, 83
List the prime factors of 248810.
2, 5, 139, 179
What are the prime factors of 8227207?
8227207
What are the prime factors of 4066450?
2, 5, 167, 487
List the prime factors of 124725.
3, 5, 1663
What are the prime factors of 2277257?
883, 2579
What are the prime factors of 254305?
5, 181, 281
What are the prime factors of 1739640?
2, 3, 5, 7, 19, 109
What are the prime factors of 412214?
2, 11, 41, 457
What are the prime factors of 4674464?
2, 146077
What are the prime factors of 2190092?
2, 19, 28817
List the prime factors of 765102.
2, 3, 13, 17, 577
List the prime factors of 791090.
2, 5, 239, 331
List the prime factors of 1978006.
2, 137, 7219
List the prime factors of 1683971.
1683971
What are the prime factors of 1258223?
29, 43, 1009
What are the prime factors of 1112191?
17, 65423
List the prime factors of 5134610.
2, 5, 13, 127, 311
List the prime factors of 107991.
3, 13, 71
List the prime factors of 224850.
2, 3, 5, 1499
What are the prime factors of 1599260?
2, 5, 13, 6151
What are the prime factors of 1495866?
2, 3, 249311
List the prime factors of 402315.
3, 5, 26821
What are the prime factors of 6597758?
2, 53, 67, 929
What are the prime factors of 3227839?
3227839
List the prime factors of 4473011.
4473011
What are the prime factors of 315530?
2, 5, 139, 227
What are the prime factors of 7826813?
1009, 7757
List the prime factors of 1593672.
2, 3, 66403
What are the prime factors of 209838?
2, 3, 41, 853
List the prime factors of 1332998.
2, 101, 6599
What are the prime factors of 2039364?
2, 3, 23, 821
What are the prime factors of 9020049?
3, 479, 6277
List the prime factors of 1464739.
79, 18541
What are the prime factors of 262597?
262597
What are the prime factors of 2491804?
2, 7, 88993
What are the prime factors of 321339?
3, 43, 47, 53
What are the prime factors of 309081?
3, 269, 383
What are the prime factors of 5506516?
2, 331, 4159
List the prime factors of 1271208.
2, 3, 52967
What are the prime factors of 19168017?
3, 11, 19, 1609
What are the prime factors of 502485?
3, 5, 139, 241
What are the prime factors of 205788?
2, 3, 11, 1559
What are the prime factors of 1091840?
2, 5, 853
List the prime factors of 1422119.
1422119
What are the prime factors of 1653786?
2, 3, 79, 1163
List the prime factors of 3352675.
5, 59, 2273
What are the prime factors of 873925?
5, 13, 2689
List the prime factors of 7198695.
3, 5, 7, 22853
List the prime factors of 672427.
7, 13723
What are the prime factors of 2858628?
2, 3, 211, 1129
List the prime factors of 1799133.
3, 7, 12239
What are the prime factors of 878491?
37, 23743
List the prime factors of 167067.
3, 19, 977
What are the prime factors of 16306485?
3, 5, 13, 17, 4919
What are the prime factors of 538465?
5, 107693
List the prime factors of 4830839.
13, 17, 21859
What are the prime factors of 9132863?
19, 23, 20899
List the prime factors of 7357660.
2, 5, 367883
What are the prime factors of 846816?
2, 3, 8821
What are the prime factors of 634208?
2, 19819
What are the prime factors of 138342?
2, 3, 23057
What are the prime factors of 9230385?
3, 5, 563, 1093
List the prime factors of 7035518.
2, 7, 17, 41, 103
What are the prime factors of 220467?
3, 13, 5653
List the prime factors of 1038660.
2, 3, 5, 7, 2473
List the prime factors of 177373.
7, 25339
Li